{"id":228,"date":"2023-07-30T10:29:23","date_gmt":"2023-07-30T10:29:23","guid":{"rendered":"http:\/\/delsol.design\/rambleta\/?page_id=228"},"modified":"2023-10-16T20:52:22","modified_gmt":"2023-10-16T20:52:22","slug":"asociate","status":"publish","type":"page","link":"https:\/\/larambleta.es\/es_ES\/asociate\/","title":{"rendered":"As\u00f3ciate"},"content":{"rendered":"\n<section class=\"wp-block-group asociate-title-text is-layout-constrained wp-block-group-is-layout-constrained\"><div class=\"wp-block-group__inner-container\">\n<h1 class=\"wp-block-heading has-text-align-center\"><strong>AS\u00d3CIATE y saldr\u00e1s ganando<\/strong><\/h1>\n\n\n\n<div style=\"height:40px\" aria-hidden=\"true\" class=\"wp-block-spacer\"><\/div>\n\n\n\n<p class=\"has-text-align-center large\">Para poder desarrollar iniciativas que contribuyan a mejorar la competitividad de los negocios de La Rambleta y del entorno, desarrollar la identidad de la zona comercial, influir en las mejoras de nuestro entorno y promover cambios en los h\u00e1bitos de los consumidores, es fundamental que el comercio est\u00e9 unido.<\/p>\n<\/div><\/section>\n\n\n<div class=\"lazyblock-bloque-de-ventajas-2nXpqW wp-block-lazyblock-bloque-de-ventajas\"><section class=\"seccion-ventajas\">\n  <div class=\"container\">\n    <h3 class=\"uk-text-center\">A continuaci\u00f3n, detallamos algunas de las ventajas de asociarse:<\/h3>\n    \n    <div class=\"uk-grid-60 uk-child-width-1-1@s uk-child-width-1-3@l uk-flex-center uk-text-center uk-grid-match\" uk-grid>\n            \n      <div>\n          <div class=\"uk-card uk-card-default card-join\">\n            \n                          <img decoding=\"async\" src=\"https:\/\/larambleta.es\/wp-content\/uploads\/2023\/07\/ventaja-1.png\">\n                        \n            <p><b>Canal de comunicaci\u00f3n<\/b><\/p>\n            <p>Canal directo de comunicaci\u00f3n con las entidades y las administraciones p\u00fablicas en materia de comercio, seguridad, iluminaci\u00f3n, limpieza\u2026<\/p>\n          <\/div>\n      <\/div>\n      \n            \n      <div>\n          <div class=\"uk-card uk-card-default card-join\">\n            \n                          <img decoding=\"async\" src=\"https:\/\/larambleta.es\/wp-content\/uploads\/2023\/07\/ventaja-2.png\">\n                        \n            <p><b>Iluminaci\u00f3n navide\u00f1a.<\/b><\/p>\n            <p>Al ser miembro de la Asociaci\u00f3n de Comerciantes de La Rambleta, formar\u00e1s parte del itinerario que cada a\u00f1o cuenta con luces de Navidad, gracias a la gesti\u00f3n realizada por la Asociaci\u00f3n de Comerciantes y el soporte del Ayuntamiento de Barcelona a trav\u00e9s de las ayudas destinadas a la instalaci\u00f3n de luces de Navidad en la ciudad.<\/p>\n          <\/div>\n      <\/div>\n      \n            \n      <div>\n          <div class=\"uk-card uk-card-default card-join\">\n            \n                          <img decoding=\"async\" src=\"https:\/\/larambleta.es\/wp-content\/uploads\/2023\/07\/ventaja-3.png\">\n                        \n            <p><b>Informaci\u00f3n, formaci\u00f3n y asesoramiento<\/b><\/p>\n            <p>para la mejora continua de la gesti\u00f3n y modernizaci\u00f3n de los negocios. Informaci\u00f3n sobre normativas y ordenanzas, subvenciones y ayudas.<\/p>\n          <\/div>\n      <\/div>\n      \n            \n      <div>\n          <div class=\"uk-card uk-card-default card-join\">\n            \n                          <img decoding=\"async\" src=\"https:\/\/larambleta.es\/wp-content\/uploads\/2023\/07\/ventaja-4.png\">\n                        \n            <p><b>Campa\u00f1as de comunicaci\u00f3n, animaci\u00f3n y promoci\u00f3n.<\/b><\/p>\n            <p>Publicidad de la oferta de productos y servicios de los negocios asociados: <a href=\"https:\/\/viunoubarris.com\/\">https:\/\/viunoubarris.com\/<\/a> (Web Viu Nou Barris).<\/p>\n          <\/div>\n      <\/div>\n      \n            \n      <div>\n          <div class=\"uk-card uk-card-default card-join\">\n            \n                          <img decoding=\"async\" src=\"https:\/\/larambleta.es\/wp-content\/uploads\/2023\/07\/ventaja-5.png\">\n                        \n            <p><b>Proyectos y servicios de digitalizaci\u00f3n.<\/b><\/p>\n            <p>Para estar al d\u00eda en los \u00faltimos avances tecnol\u00f3gicos y poder aplicarlos en el negocio.<\/p>\n          <\/div>\n      <\/div>\n      \n          <\/div>\n  \n  <\/div>\n<\/section><\/div>\n\n\n<section class=\"wp-block-group contact-details container-small is-layout-constrained wp-block-group-is-layout-constrained\"><div class=\"wp-block-group__inner-container\">\n<p class=\"has-text-align-center x-large\">El <strong>ASOCIACIONISMO <\/strong><span style=\"color: #f3997b;\" class=\"ugb-highlight\"><strong>impulsa el comercio de proximidad<\/strong><\/span> y <span style=\"color: #9796ca;\" class=\"ugb-highlight\"><strong>potencia valores<\/strong><\/span> como la sostenibilidad, la solidaridad, la cocreaci\u00f3n y la colaboraci\u00f3n. Adem\u00e1s, contribuye a difundir la marca de identidad del territorio reforzando su singularidad.<\/p>\n\n\n\n<p class=\"has-text-align-center\">Si te interesa formar parte de la Asociaci\u00f3n de Comerciantes de La Rambleta, cont\u00e1ctanos:<\/p>\n\n\n\n<div style=\"height:40px\" aria-hidden=\"true\" class=\"wp-block-spacer\"><\/div>\n\n\n\n<div class=\"wp-block-columns is-layout-flex wp-container-core-columns-layout-1 wp-block-columns-is-layout-flex\">\n<div class=\"wp-block-column is-layout-flow wp-block-column-is-layout-flow\"><div class=\"wp-block-image\">\n<figure class=\"aligncenter size-full\"><img loading=\"lazy\" decoding=\"async\" width=\"40\" height=\"40\" src=\"https:\/\/myblog-b1g18ijg6i.live-website.com\/wp-content\/uploads\/2023\/07\/ico-mail.png\" alt=\"\" class=\"wp-image-253\"\/><\/figure><\/div>\n\n\n<p class=\"has-text-align-center large\"><strong>Email: <\/strong><\/p>\n\n\n\n<p class=\"has-text-align-center large\"><a href=\"mailto:acc.la.rambleta@gmail.com\" target=\"_blank\" rel=\"noreferrer noopener\">acc.la.rambleta@gmail.com<\/a><\/p>\n<\/div>\n\n\n\n<div class=\"wp-block-column is-layout-flow wp-block-column-is-layout-flow\"><div class=\"wp-block-image\">\n<figure class=\"aligncenter size-full\"><img loading=\"lazy\" decoding=\"async\" width=\"40\" height=\"40\" src=\"https:\/\/myblog-b1g18ijg6i.live-website.com\/wp-content\/uploads\/2023\/07\/ico-phone.png\" alt=\"\" class=\"wp-image-254\"\/><\/figure><\/div>\n\n\n<p class=\"has-text-align-center\"><strong>Tel\u00e9fono<\/strong><\/p>\n\n\n\n<p class=\"has-text-align-center\"><a href=\"tel:933502555.\">+34 933 502 555.<\/a><\/p>\n<\/div>\n<\/div>\n<\/div><\/section>\n\n\n\n<div style=\"height:130px\" aria-hidden=\"true\" class=\"wp-block-spacer\"><\/div>\n\n\n\n<section class=\"wp-block-group palabras-asociate is-layout-constrained wp-block-group-is-layout-constrained\"><div class=\"wp-block-group__inner-container\">\n<div class=\"wp-block-columns gap-60 is-layout-flex wp-container-core-columns-layout-2 wp-block-columns-is-layout-flex\">\n<div class=\"wp-block-column is-layout-flow wp-block-column-is-layout-flow\" style=\"flex-basis:33.33%\">\n<figure class=\"wp-block-image size-full rounded\"><img loading=\"lazy\" decoding=\"async\" width=\"720\" height=\"746\" src=\"https:\/\/myblog-b1g18ijg6i.live-website.com\/wp-content\/uploads\/2023\/07\/join-img.jpg\" alt=\"\" class=\"wp-image-263\" srcset=\"https:\/\/larambleta.es\/wp-content\/uploads\/2023\/07\/join-img.jpg 720w, https:\/\/larambleta.es\/wp-content\/uploads\/2023\/07\/join-img-290x300.jpg 290w\" sizes=\"(max-width: 720px) 100vw, 720px\" \/><\/figure>\n<\/div>\n\n\n\n<div class=\"wp-block-column is-layout-flow wp-block-column-is-layout-flow\" style=\"flex-basis:66.66%\">\n<p class=\"x-large\"><strong>Palabras de la Presidenta de la Asociaci\u00f3n de Comerciantes de La Rambleta<\/strong><\/p>\n\n\n\n<p>Hace siete a\u00f1os, un grupo peque\u00f1o de comercios de la Rambleta de Pablo Iglesias decidimos fundar una asociaci\u00f3n para apoyarnos unos a otros y trabajar juntos para lograr mejoras y prosperidad, no s\u00f3lo para nuestros comercios, sino tambi\u00e9n para el barrio de La Prosperitat en el que nos encontramos.<\/p>\n\n\n\n<p>No han sido a\u00f1os f\u00e1ciles, especialmente los a\u00f1os de pandemia que, de una y otra forma, han afectado al comercio. Pero con esfuerzo y mucho trabajo seguimos teniendo la confianza de los vecinos y vecinas de Pablo Iglesias y alrededores. Eso es lo que nos mueve y lo que nos da energ\u00eda para levantar la persiana cada d\u00eda.<\/p>\n\n\n\n<p>Actualmente somos 16 los comercios asociados y confiamos en aumentar este n\u00famero en el futuro porque cuantos m\u00e1s comercios seamos en la asociaci\u00f3n, m\u00e1s fortaleza y capacidad de mejora tendremos.<\/p>\n\n\n\n<p>Nuestro principal objetivo es velar por el comercio de proximidad, ayudar en todo aquello que est\u00e9 en nuestra mano y seguir dando vida al barrio de La Prosperitat. Porque si algo tenemos claro es que, el peque\u00f1o comercio, el comercio de barrio, siempre ha estado y estar\u00e1 ah\u00ed. <\/p>\n\n\n\n<p>Y esa confianza y cercan\u00eda es lo que nos hace \u00fanicos.<\/p>\n\n\n\n<p class=\"uk-width-1-2\"><strong>Esther Rodr\u00edguez Morales. <\/strong><br \/>Presidenta de la Asociaci\u00f3n de Comerciantes de La Rambleta<\/p>\n<\/div>\n<\/div>\n<\/div><\/section>\n\n\n\n<p><\/p>\n","protected":false},"excerpt":{"rendered":"<p><!-- wp:group {\"tagName\":\"section\",\"className\":\"asociate-title-text\",\"layout\":{\"type\":\"constrained\"}} --><\/p>\n<section class=\"wp-block-group asociate-title-text\"><!-- wp:heading {\"textAlign\":\"center\",\"level\":1} --><\/p>\n<h1 class=\"wp-block-heading has-text-al... \n\n","protected":false},"author":1,"featured_media":229,"parent":0,"menu_order":0,"comment_status":"closed","ping_status":"closed","template":"","meta":{"_acf_changed":false,"photos":"","website":"","twitter":"","facebook":"","twitch":"","youtube":"","instagram":"","linkedin":"","tiktok":"","name-display-cat":"","name-display-esp":"","adress":"","email":"","phone":"0","about-ca":"","about-es":"","photo-gallery":"","horarios":"%5B%7B%22days-ca%22:%22%22,%22days-es%22:%22%22,%22days-ca-copy-copy%22:%22%22,%22horario-del-dia%22:%22%22%7D%5D","map-location":"","footnotes":""},"acf":[],"_links":{"self":[{"href":"https:\/\/larambleta.es\/es_ES\/wp-json\/wp\/v2\/pages\/228"}],"collection":[{"href":"https:\/\/larambleta.es\/es_ES\/wp-json\/wp\/v2\/pages"}],"about":[{"href":"https:\/\/larambleta.es\/es_ES\/wp-json\/wp\/v2\/types\/page"}],"author":[{"embeddable":true,"href":"https:\/\/larambleta.es\/es_ES\/wp-json\/wp\/v2\/users\/1"}],"replies":[{"embeddable":true,"href":"https:\/\/larambleta.es\/es_ES\/wp-json\/wp\/v2\/comments?post=228"}],"version-history":[{"count":39,"href":"https:\/\/larambleta.es\/es_ES\/wp-json\/wp\/v2\/pages\/228\/revisions"}],"predecessor-version":[{"id":479,"href":"https:\/\/larambleta.es\/es_ES\/wp-json\/wp\/v2\/pages\/228\/revisions\/479"}],"wp:featuredmedia":[{"embeddable":true,"href":"https:\/\/larambleta.es\/es_ES\/wp-json\/wp\/v2\/media\/229"}],"wp:attachment":[{"href":"https:\/\/larambleta.es\/es_ES\/wp-json\/wp\/v2\/media?parent=228"}],"curies":[{"name":"wp","href":"https:\/\/api.w.org\/{rel}","templated":true}]}}

Asóciate

<section class="wp-block-group asociate-title-text is-layout-constrained wp-block-group-is-layout-constrained"><div class="wp-block-group__inner-container">
<h1 class="wp-block-heading has-text-align-center"><strong>ASÓCIATE y saldrás ganando</strong></h1>



<div style="height:40px" aria-hidden="true" class="wp-block-spacer"></div>



<p class="has-text-align-center large">Para poder desarrollar iniciativas que contribuyan a mejorar la competitividad de los negocios de La Rambleta y del entorno, desarrollar la identidad de la zona comercial, influir en las mejoras de nuestro entorno y promover cambios en los hábitos de los consumidores, es fundamental que el comercio esté unido.</p>
</div></section>


<div class="lazyblock-bloque-de-ventajas-2nXpqW wp-block-lazyblock-bloque-de-ventajas"><section class="seccion-ventajas">
  <div class="container">
    <h3 class="uk-text-center">A continuación, detallamos algunas de las ventajas de asociarse:</h3>
    
    <div class="uk-grid-60 uk-child-width-1-1@s uk-child-width-1-3@l uk-flex-center uk-text-center uk-grid-match" uk-grid>
            
      <div>
          <div class="uk-card uk-card-default card-join">
            
                          <img decoding="async" src="https://larambleta.es/wp-content/uploads/2023/07/ventaja-1.png">
                        
            <p><b>Canal de comunicación</b></p>
            <p>Canal directo de comunicación con las entidades y las administraciones públicas en materia de comercio, seguridad, iluminación, limpieza…</p>
          </div>
      </div>
      
            
      <div>
          <div class="uk-card uk-card-default card-join">
            
                          <img decoding="async" src="https://larambleta.es/wp-content/uploads/2023/07/ventaja-2.png">
                        
            <p><b>Iluminación navideña.</b></p>
            <p>Al ser miembro de la Asociación de Comerciantes de La Rambleta, formarás parte del itinerario que cada año cuenta con luces de Navidad, gracias a la gestión realizada por la Asociación de Comerciantes y el soporte del Ayuntamiento de Barcelona a través de las ayudas destinadas a la instalación de luces de Navidad en la ciudad.</p>
          </div>
      </div>
      
            
      <div>
          <div class="uk-card uk-card-default card-join">
            
                          <img decoding="async" src="https://larambleta.es/wp-content/uploads/2023/07/ventaja-3.png">
                        
            <p><b>Información, formación y asesoramiento</b></p>
            <p>para la mejora continua de la gestión y modernización de los negocios. Información sobre normativas y ordenanzas, subvenciones y ayudas.</p>
          </div>
      </div>
      
            
      <div>
          <div class="uk-card uk-card-default card-join">
            
                          <img decoding="async" src="https://larambleta.es/wp-content/uploads/2023/07/ventaja-4.png">
                        
            <p><b>Campañas de comunicación, animación y promoción.</b></p>
            <p>Publicidad de la oferta de productos y servicios de los negocios asociados: <a href="https://viunoubarris.com/">https://viunoubarris.com/</a> (Web Viu Nou Barris).</p>
          </div>
      </div>
      
            
      <div>
          <div class="uk-card uk-card-default card-join">
            
                          <img decoding="async" src="https://larambleta.es/wp-content/uploads/2023/07/ventaja-5.png">
                        
            <p><b>Proyectos y servicios de digitalización.</b></p>
            <p>Para estar al día en los últimos avances tecnológicos y poder aplicarlos en el negocio.</p>
          </div>
      </div>
      
          </div>
  
  </div>
</section></div>


<section class="wp-block-group contact-details container-small is-layout-constrained wp-block-group-is-layout-constrained"><div class="wp-block-group__inner-container">
<p class="has-text-align-center x-large">El <strong>ASOCIACIONISMO </strong><span style="color: #f3997b;" class="ugb-highlight"><strong>impulsa el comercio de proximidad</strong></span> y <span style="color: #9796ca;" class="ugb-highlight"><strong>potencia valores</strong></span> como la sostenibilidad, la solidaridad, la cocreación y la colaboración. Además, contribuye a difundir la marca de identidad del territorio reforzando su singularidad.</p>



<p class="has-text-align-center">Si te interesa formar parte de la Asociación de Comerciantes de La Rambleta, contáctanos:</p>



<div style="height:40px" aria-hidden="true" class="wp-block-spacer"></div>



<div class="wp-block-columns is-layout-flex wp-container-core-columns-layout-1 wp-block-columns-is-layout-flex">
<div class="wp-block-column is-layout-flow wp-block-column-is-layout-flow"><div class="wp-block-image">
<figure class="aligncenter size-full"><img loading="lazy" decoding="async" width="40" height="40" src="https://myblog-b1g18ijg6i.live-website.com/wp-content/uploads/2023/07/ico-mail.png" alt="" class="wp-image-253"/></figure></div>


<p class="has-text-align-center large"><strong>Email: </strong></p>



<p class="has-text-align-center large"><a href="mailto:acc.la.rambleta@gmail.com" target="_blank" rel="noreferrer noopener">acc.la.rambleta@gmail.com</a></p>
</div>



<div class="wp-block-column is-layout-flow wp-block-column-is-layout-flow"><div class="wp-block-image">
<figure class="aligncenter size-full"><img loading="lazy" decoding="async" width="40" height="40" src="https://myblog-b1g18ijg6i.live-website.com/wp-content/uploads/2023/07/ico-phone.png" alt="" class="wp-image-254"/></figure></div>


<p class="has-text-align-center"><strong>Teléfono</strong></p>



<p class="has-text-align-center"><a href="tel:933502555.">+34 933 502 555.</a></p>
</div>
</div>
</div></section>



<div style="height:130px" aria-hidden="true" class="wp-block-spacer"></div>



<section class="wp-block-group palabras-asociate is-layout-constrained wp-block-group-is-layout-constrained"><div class="wp-block-group__inner-container">
<div class="wp-block-columns gap-60 is-layout-flex wp-container-core-columns-layout-2 wp-block-columns-is-layout-flex">
<div class="wp-block-column is-layout-flow wp-block-column-is-layout-flow" style="flex-basis:33.33%">
<figure class="wp-block-image size-full rounded"><img loading="lazy" decoding="async" width="720" height="746" src="https://myblog-b1g18ijg6i.live-website.com/wp-content/uploads/2023/07/join-img.jpg" alt="" class="wp-image-263" srcset="https://larambleta.es/wp-content/uploads/2023/07/join-img.jpg 720w, https://larambleta.es/wp-content/uploads/2023/07/join-img-290x300.jpg 290w" sizes="(max-width: 720px) 100vw, 720px" /></figure>
</div>



<div class="wp-block-column is-layout-flow wp-block-column-is-layout-flow" style="flex-basis:66.66%">
<p class="x-large"><strong>Palabras de la Presidenta de la Asociación de Comerciantes de La Rambleta</strong></p>



<p>Hace siete años, un grupo pequeño de comercios de la Rambleta de Pablo Iglesias decidimos fundar una asociación para apoyarnos unos a otros y trabajar juntos para lograr mejoras y prosperidad, no sólo para nuestros comercios, sino también para el barrio de La Prosperitat en el que nos encontramos.</p>



<p>No han sido años fáciles, especialmente los años de pandemia que, de una y otra forma, han afectado al comercio. Pero con esfuerzo y mucho trabajo seguimos teniendo la confianza de los vecinos y vecinas de Pablo Iglesias y alrededores. Eso es lo que nos mueve y lo que nos da energía para levantar la persiana cada día.</p>



<p>Actualmente somos 16 los comercios asociados y confiamos en aumentar este número en el futuro porque cuantos más comercios seamos en la asociación, más fortaleza y capacidad de mejora tendremos.</p>



<p>Nuestro principal objetivo es velar por el comercio de proximidad, ayudar en todo aquello que esté en nuestra mano y seguir dando vida al barrio de La Prosperitat. Porque si algo tenemos claro es que, el pequeño comercio, el comercio de barrio, siempre ha estado y estará ahí. </p>



<p>Y esa confianza y cercanía es lo que nos hace únicos.</p>



<p class="uk-width-1-2"><strong>Esther Rodríguez Morales. </strong><br />Presidenta de la Asociación de Comerciantes de La Rambleta</p>
</div>
</div>
</div></section>



<p></p>
